Suppose -68 = -2*v + 16. Calculate the highest common divisor of v and m.
6
Let t be 7245/15 - (-1 - -11). Calculate the greatest common factor of 43 and t.
43
Suppose 11 + 9 = 4*q. Suppose 2*s - 73 = 3*b, 0 = -q*s - 2*b - b + 235. Calculate the greatest common divisor of 4 and s.
4
Suppose 3*a = 15 + 3. Suppose 836 = -a*o + 8*o. Calculate the highest common divisor of o and 38.
38
Let f be ((-3)/2)/((-8)/((-4160)/(-30))). Calculate the highest common factor of 39 and f.
13
Let t = 385 + -349. What is the greatest common factor of 204 and t?
12
Let y(h) = -2*h**3 - 3*h**2 - 5*h - 1. Suppose n - 3*n - 8 = 0. Let s be y(n). Suppose 0 = -4*w + 33 + 3. What is the greatest common factor of w and s?
9
Let t(j) = 4. Let k(b) = -b + 4. Let f(u) = -5*k(u) + 6*t(u). Let c be f(4). Suppose g = -10 + 46. Calculate the greatest common factor of g and c.
12
Suppose -3696 = -137*v + 95*v. Calculate the greatest common factor of 4 and v.
4
Let o(i) = i**3 - 36*i + 35. Let k be o(0). Calculate the greatest common factor of k and 3395.
35
Suppose -2*u = -4*g - 3*u + 284, 0 = 5*g + 5*u - 370. Let s be (-1)/(-2 - g/(-36)). Let a = -53 - -107. Calculate the highest common divisor of s and a.
18
Let z = -50 + 78. Calculate the highest common factor of 21 and z.
7
Suppose 0 = z + 1 + 1. Let s(i) be the first derivative of 5*i**3/3 + 2*i**2 + 2*i - 14. Let h be s(z). Calculate the highest common divisor of h and 112.
14
Let o(z) = -z + 7. Let c be o(-7). Let n(f) = f**3 + 10*f**2 + 20*f - 5. Let h be n(-7). Calculate the highest common divisor of h and c.
2
Let f be -6*(2/(-4))/(1/41). What is the greatest common factor of 164 and f?
41
Let m be 45 + (-33 - -25 - (-1 + -1)). Calculate the greatest common factor of m and 897.
39
Suppose 3*s = 4*t + 203 + 40, 2*s = -t - 69. Let q be (-4)/14 + (-2286)/t. Let l = -4 - -13. What is the greatest common divisor of l and q?
9
Suppose 0 = -0*q - 3*q. Let c be q - -91 - (-1 + 2). Suppose 4*p = -4*l + 32, 3*l - 7 = -5*p + 13. What is the highest common factor of c and l?
10
Let l be (-40)/(-50)*(-10)/(-4). Suppose -5*c = 2*w + 74, l*w + w - 5*c + 111 = 0. Let i = w + 57. What is the highest common divisor of 10 and i?
10
Let g(l) = 5*l**2 - 2*l + 12. Let u = -11 - -16. Let v be 13/(-65) + (-24)/u. Let p be g(v). Calculate the greatest common factor of p and 21.
21
Let l(o) = -o**2 + 5*o + 22. Let y be l(9). Let z be 9*(56/(-98))/(2/y). Calculate the highest common factor of 252 and z.
36
Let t = 106 - 31. Let c(x) = -2*x + 32. Let l be c(15). Suppose 29 + 31 = l*f. Calculate the highest common factor of f and t.
15
Let u(o) = o**3 - 9*o**2 + 6*o + 14. Let k be u(9). Suppose 4*r = -3*m + 38, -4*m - r + 0 + k = 0. What is the greatest common factor of m and 63?
9
Suppose -4*i - 141 = 75. Let n = 57 + i. What is the highest common factor of 27 and n?
3
Suppose 13*q = 12*q + 49. What is the greatest common divisor of q and 539?
49
Suppose -148 = o + 3*j, o = 2*j - 0*j - 128. Let p be (5/(-10))/(4/o). Calculate the greatest common factor of 68 and p.
17
Suppose -s + 0*s = -4. Suppose -s*b - 121 - 79 = 0. Let j = b + 76. What is the greatest common divisor of 182 and j?
26
Let d = -33 + 60. Let b(o) = 5*o - 54. Let i be b(18). Let y be i/d - 4/(-6). Calculate the greatest common divisor of y and 5.
1
Let n be (6 + 0)*4 - (-23 + 27). What is the greatest common factor of 50 and n?
10
Let o be (2 - (-1 - -4)) + 6. Suppose -3*d + 3*g = -3, 0 = -2*d + 15*g - 11*g - 6. Calculate the highest common divisor of d and o.
5
Suppose 42 = 8*f - f. Let j be ((-3)/f - -1)*0. Suppose -3*o + 71 + 13 = j. Calculate the greatest common divisor of 140 and o.
28
Let h(v) = 9*v**2 + 3*v + 4. Let u be h(-2). Calculate the greatest common divisor of u and 238.
34
Let l = -343 - -413. Let t(m) = -m**2 + 7*m - 5. Let u be t(4). What is the highest common divisor of u and l?
7
Let a be ((-36)/(-24) - -8 - 11)*(0 - 6). Let c(q) = -33*q - 3. Let u be c(-2). Calculate the greatest common factor of a and u.
9
Let b(v) = -v**3 - 5*v**2 - 5*v - 7. Let s be b(-4). Let t be (4 - 8) + (s - -10). Suppose t*q = 4*q - 11. Calculate the greatest common factor of 88 and q.
11
Suppose -9 = -c + w, 8 = 2*c + w + 2*w. Suppose d - 3 + 13 = l, -3*l = -d - 38. Suppose 9*p - 10*p = -l. What is the greatest common factor of p and c?
7
Suppose 3*l - 16 - 59 = 0. Suppose -2*p + 1 = -9. Let v(w) = w**2 - 2*w - 5. Let r be v(p). Calculate the greatest common factor of r and l.
5
Suppose -2*x + s - 4 = 5*s, -3*x + s + 1 = 0. Suppose -p - 261 = -2*d, x = -2*p + 2 + 8. What is the highest common factor of d and 7?
7
Let s(c) = c**2 + 2*c. Let l be s(-4). What is the highest common divisor of 64 and l?
8
Suppose 0 = -3*b + 6*b - 18. Let o(h) = 2*h - 2. Let c be o(2). Suppose -16 - 8 = -c*x. Calculate the highest common divisor of x and b.
6
Let t be 1/(3/81)*1. Let i(a) = -4*a - 6. Let s(h) = h - 10. Let r be s(4). Let d be i(r). What is the greatest common factor of d and t?
9
Suppose 10*g - 6*g - 5*v - 65 = 0, 0 = 4*g - 3*v - 63. What is the greatest common factor of 555 and g?
15
Suppose -3228 = -7*j + 258. What is the highest common factor of j and 1328?
166
Let w = 15 + -19. Let x be -3 + (-3)/(-6)*18. Let n = x - w. Calculate the highest common divisor of 20 and n.
10
Suppose 0 = 3*k + v - 12, 5*v - 9 = 5*k - 3*k. Let f be ((-192)/(-80))/(k/20). Calculate the greatest common factor of 8 and f.
8
Suppose 0 = -u - 3*d - 2*d - 4, 3*u + 2*d - 1 = 0. Suppose -2*t = 3*t - 25. What is the greatest common divisor of t and u?
1
Suppose 5*g + 22 = -y, -3*y = y + 4*g + 24. Let t be 1/4*y*-36. Let f = t + -1. What is the highest common factor of 85 and f?
17
Let c be 16/(-9) + 2 - 3514/(-63). Let w be 176/(-6) + (-4)/6. Let g = c + w. What is the highest common divisor of 286 and g?
26
Let g be (3 - 8 - -7)*(0 + 2). Let l(q) = -q**3 + 11*q**2 + 13*q - 8. Let v be l(12). What is the highest common divisor of v and g?
4
Suppose 0 = -10*y + 5*y + 240. Suppose 4*p = p + y. Let r be -2*(5 - 1 - 24). Calculate the greatest common divisor of r and p.
8
Suppose 11*u - 6*u - 5 = 2*v, -4*v + u + 35 = 0. Calculate the greatest common divisor of v and 18.
2
Suppose 5 = n + 4. Let s = -73 + 84. Calculate the highest common factor of n and s.
1
Let a be (-2)/(-2*(-4)/(-552)). Suppose -3*x = -6 - a. Calculate the greatest common factor of x and 8.
8
Suppose 266 + 94 = 5*m. Let y(d) = 22*d**2 - 7*d + 3. Let s be y(3). What is the highest common factor of s and m?
36
Let d be ((-136)/6)/(302/(-1359)). Calculate the greatest common factor of 255 and d.
51
Let r = -8 - 0. Let v be -24*(0 - 4/r). Let y be 16/v*6/(-4). Calculate the greatest common divisor of y and 8.
2
Let k = 291 + -245. Calculate the greatest common factor of 207 and k.
23
Let y be (-3)/(-12) - (-412)/16. Let u(m) = -m**3 - 7*m**2 + m + 7. Let t be u(-7). Suppose x - 2*x + 130 = t. Calculate the highest common divisor of x and y.
26
Let c = 324 + 57. What is the greatest common factor of c and 1016?
127
Let f(t) = -26*t - 272. Let n be f(-11). What is the highest common divisor of 1162 and n?
14
Let d(j) = -4*j - 1. Let w be d(3). Let t = w + 32. Suppose 52 = 10*k - 898. What is the highest common divisor of t and k?
19
Let c be (-4)/(0 - (-1)/(-3)). Suppose 0 = -12*s - 5 + 293. Calculate the greatest common factor of s and c.
12
Let x = -582 - -164. Let z = -184 - x. Calculate the greatest common factor of 26 and z.
26
Let i be (-1 - -2) + 2 + 0 + 1. Suppose 15 = w + y, -13 - 27 = -i*w + y. Calculate the greatest common divisor of w and 11.
11
Suppose 6*a - 5*q - 40 = a, -2*q - 6 = -a. Calculate the highest common factor of 3410 and a.
10
Let g = -274 + 439. Calculate the greatest common factor of 33 and g.
33
Let i be (-2)/(155/(-30) - -5). What is the greatest common factor of 28 and i?
4
Suppose r = 3*q + 643, -r = 4*r + q - 3295. Let a = -369 + r. Suppose a = 3*n + 25. What is the highest common divisor of 11 and n?
11
Suppose 188*a = 206*a - 1836. What is the greatest common factor of a and 391?
17
Let l(w) = 3*w. Let p be l(2). Let h(k) = -k**2 + 9*k - 7. Let y be h(p). What is the highest common divisor of 99 and y?
11
Let g(m) = -281*m + 167. Let c be g(-2). What is the greatest common factor of c and 27?
27
Let m = 746 - 742. Cal